q(z) = z**3 - 68*z**2 - 30*z - 543. What are the prime factors of q(70)?
17, 421
What are the prime factors of -55305*36/(-30) + 3?
3, 22123
Let d be (-12 + 9)/(1/(-2)). Suppose -2*p + d + 16 = 0. Let b(s) = s**2 + 2*s - 18. What are the prime factors of b(p)?
5
Suppose -2*m = 58*s - 53*s - 36383, 0 = -5*s + 5*m + 36355. List the prime factors of s.
3, 5, 97
Let z be ((-6)/(-5))/(29/(-290)). What are the prime factors of ((-7155)/10)/3*z/9?
2, 3, 53
Suppose -6*f + 137 = 29. Let m be (6*8/f)/(18/1809). Suppose v - m = -v. List the prime factors of v.
2, 67
Let y(d) = -8*d - 105. Let v be y(-15). What are the prime factors of (-2)/15 - (-3257)/v?
7, 31
Let h = -2 - -3. Let y be -74*10/40*-2. Let b = y + h. List the prime factors of b.
2, 19
Suppose -16*c + 242252 = -114772 + 17104. List the prime factors of c.
5, 7, 607
What are the prime factors of ((-52)/312)/((-2)/60) - (-12439 - -2)?
2, 6221
What are the prime factors of (58/6 + 2/(-1))/(890/13350)?
5, 23
List the prime factors of ((-11417)/98)/(1/(-59))*4.
2, 59, 233
Suppose 0 = 43*u - 174740 - 73972. List the prime factors of u.
2, 3, 241
Let u(z) = z - 525. Let g be u(0). Let f(j) = 33*j**2 + 265*j - 22. Let a be f(-8). List the prime factors of ((-4)/(-5))/(a/g).
2, 7
Let t be ((-8)/(-6))/((49/(-7))/(-420)). Let o = -3 - -5. Suppose -2*u + 43 = k, o*k - t = 2*u - 0*u. What are the prime factors of k?
41
Let c(a) = -202*a - 218. Let l be c(-6). What are the prime factors of ((-1)/1)/((-1995)/l + 2)?
2, 71
Let t be (1 + 12/(-4))*(1 + -36). Suppose -n + t = 653. List the prime factors of 30/(-105) - (0 + n/7).
83
Let r(k) = 3*k**2 + 43*k + 21. Let m be r(-18). Suppose -m*p + 224*p = 6250. What are the prime factors of p?
2, 5
Suppose -4*o - 2*c + 1612 = 0, -3*c = -2*o - c + 812. Suppose 1200 = 4*r - 2*w - o, 0 = r - 3*w - 396. List the prime factors of r.
2, 3, 67
Suppose 4*m + 4*s = 0, -3*m - 222*s + 8 = -223*s. Let b = 1047 + -631. Suppose 3*f + l - 619 = -4*l, -4*l + b = m*f. List the prime factors of f.
2, 3, 11
Let p(t) = 12*t - 165. What are the prime factors of p(61)?
3, 7
Let t be (-20)/100 - (26/(-5) - -1). Let j(y) = t*y - y - y + 4*y. List the prime factors of j(5).
2, 3, 5
Let s(f) = f**2 - 18*f - 36. Let l be s(20). Suppose 2*z + 4*b - 522 = 50, 0 = z + l*b - 282. What are the prime factors of z?
2, 5, 29
Let c be (8/(-12))/(0 - 10/45). Suppose 2*f + 3*a = 112 + 744, c*a = -f + 434. List the prime factors of f.
2, 211
Suppose -5*x = -2*z + 2 - 37, 3*x + 31 = -4*z. Let p be (45/z - 1)*-2. Suppose -p*l + 7*l - h + 369 = 0, -3*h = l - 106. What are the prime factors of l?
7, 13
Suppose p + 11256 = 2*w - 3019, 0 = 5*p - 45. What are the prime factors of w?
2, 3571
Let w(n) = -2. Let i(x) = -8*x + 1. Let o(s) = i(s) + w(s). What are the prime factors of o(-4)?
31
Let j(x) be the third derivative of x**8/20160 + 101*x**6/720 + x**5/20 + 31*x**2. Let z(k) be the third derivative of j(k). List the prime factors of z(0).
101
Let s be (190/(-30))/((-1)/21). Let i = s - -222. What are the prime factors of i?
5, 71
Suppose -10414 = -0*s - 5*s + 4*a, -6251 = -3*s + 5*a. Suppose -3*f - 3*y = -s, 24*y - 20*y = -8. List the prime factors of f.
2, 3, 29
Let q = 50446 + -9799. What are the prime factors of q?
3, 17, 797
Let q be 13 + -6 + -29 + 3. List the prime factors of ((-57)/6)/q*(-1 - -1595).
797
Suppose 394 = 3*l - l. Suppose 2*h - 3*s = -2*s + l, 0 = -h + 4*s + 109. What are the prime factors of 1/(1/(4 + h))?
101
Let t = -14648 - -25431. List the prime factors of t.
41, 263
Suppose -5*d + 3*o + 1618 = 0, 3*d - 4*o - 970 = -3*o. Suppose d*u - 324*u = -1205. What are the prime factors of u?
5, 241
Let l(k) = -k**3 - 5*k**2 + 6*k + 6. Let t be l(-6). Suppose -29*m - 126 = -15*m. List the prime factors of (t - 3)*(-177)/m.
59
Let w(k) = -15*k**2 + 12*k + 9. Let o be w(6). What are the prime factors of (122/(-6))/(9/o)?
17, 61
Suppose -2*b - 4 = -3*b. Let d(s) = 2*s**2 - 2*s + 2. Let k(a) = -4*a + 15. Let h(x) = 3*d(x) - k(x). What are the prime factors of h(b)?
79
Let f(d) = -28*d + 51. Let m be f(2). Let v(y) = -6*y + 71. List the prime factors of v(m).
101
Let t = -13892 - -36408. What are the prime factors of t?
2, 13, 433
Let d(u) = 14*u**2 + 27 - 45 + 2*u**2 - 3*u**2 - 90 - 9*u. List the prime factors of d(11).
2, 683
Let c be 6/(-9)*(2 + -14). Let o(i) = 157*i - 156. What are the prime factors of o(c)?
2, 5, 11
Suppose -3*o - 38*j + 36*j + 17059 = 0, 3*o - 3*j = 17094. What are the prime factors of o?
3, 7, 271
Suppose 7*g = 4*s + 232109, 56*g = 57*g + 2*s - 33179. List the prime factors of g.
13, 2551
Let l be (-44)/(-6)*(-6)/6*3. Let q(a) = a**3 + 24*a**2 + 42*a + 21. List the prime factors of q(l).
5, 13
Let w(b) = -b**2 - 7*b - 9. Let t be w(-5). Let y be -1 + t - (-1 - (1 + -4)). List the prime factors of y/6*(3 - 4)*18.
2, 3
Let m(b) be the third derivative of b**6/120 - 13*b**5/60 + 7*b**4/8 - 5*b**3 + 2*b**2 - 9. What are the prime factors of m(12)?
2, 3, 13
Let p = 30782 + -19599. What are the prime factors of p?
53, 211
Let v be -10*1*(-108)/15. Suppose -v*m = -79*m + 3990. List the prime factors of m.
2, 3, 5, 19
Let a = 8028 - 155. Suppose 11*s = a + 773. What are the prime factors of s?
2, 3, 131
Suppose -815*r + 6490 = -813*r. List the prime factors of r.
5, 11, 59
Suppose 3*y - 72 = -12. Let g = y + -18. Suppose g*n + 95 = 263. What are the prime factors of n?
2, 3, 7
Let i be (-12186)/(-14) + (6 - 315/49). Let q = i - 303. List the prime factors of q.
3, 7
Suppose -4*y - 3*a - 38129 = -111607, 18341 = y - 4*a. What are the prime factors of y?
5, 3673
Let h be 53/5 + (-10)/(-25). Suppose 10*v + 5 = h*v. Suppose -630 = -4*b - v*b. What are the prime factors of b?
2, 5, 7
Let d(c) = 1692*c**2 - 430*c + 860. List the prime factors of d(2).
2, 3, 47
Let h = 15844 - -3677. List the prime factors of h.
3, 241
Suppose 110 = -8*f - 10. Let i = f - -20. Let r(t) = 4*t**2 - 5. List the prime factors of r(i).
5, 19
Suppose -23*f + 26*f = 24. Suppose -40 = u + 2*l, -f*l + 172 = -5*u - 4*l. List the prime factors of (45/u)/(2/(-424)).
5, 53
List the prime factors of 6991 + (-12)/20 + (-42)/(-70).
6991
Let u(t) = 109*t + 41 - 26*t - 48. Let b be u(3). Let h = b - 164. What are the prime factors of h?
2, 3, 13
Let z(g) = 2*g**2 + 18*g + 23. Let q be z(-10). Suppose -o = q - 413. What are the prime factors of o?
2, 5, 37
Let p(b) = 3*b**3 - 7*b**2 + 5*b - 27. Let r be p(6). Suppose 398*k = r*k - 1787. What are the prime factors of k?
1787
Let m = 32951 + -8412. What are the prime factors of m?
53, 463
Let p(y) = -2*y**3 - 22*y**2 - 33*y - 660. What are the prime factors of p(-20)?
2, 3, 5
Suppose 5*n - 24 = 2*x - 5*x, 5*n = 5*x. Suppose 4*o - i = -2*i + 676, -x*o = 3*i - 516. List the prime factors of o.
2, 3, 7
Suppose 0 = 4*v - b - 5789, 41*b + 1454 = v + 43*b. List the prime factors of v.
2, 181
Let t = 270 - 274. What are the prime factors of t/(-5) - (-8379)/45?
11, 17
Suppose 3*s = 2*g + s + 420, 3*s = 4*g + 836. Let w = -16 - g. List the prime factors of w.
2, 5, 19
Suppose k + 6 = 12. Let c(h) be the third derivative of h**5/15 - 7*h**4/12 + h**3 + 9*h**2. List the prime factors of c(k).
2, 3, 11
Let c(l) = 247*l**2 - 12*l - 6. Let j be 2/24*-2 - (-77)/(-42). What are the prime factors of c(j)?
2, 503
Let y(n) = -n**3 - 3*n**2 - n + 1. Let o(p) = -p**3 + 9*p**2 - 9*p + 2. Let b be o(8). List the prime factors of y(b).
5, 23
Let j be (-14)/28 + (-14)/(-4). Suppose y - 295 = -3*c, 2*c + j*c = y - 335. What are the prime factors of y?
2, 5, 31
Let m be (-174)/435 - 1/(10/(-114)). Suppose m*y - 6384 = -y. List the prime factors of y.
2, 7, 19
Let b(f) = 2*f**3 + 14*f**2 + 10*f - 14. Let o be b(-6). What are the prime factors of 30860/60 - (0 + o/3)?
5, 103
Let i(f) = 28*f**2 - 10*f - 13. What are the prime factors of i(7)?
1289
Let k = 150202 + -78123. List the prime factors of k.
7, 1471
Suppose 226*f - 44822 = 78*f + 19114. Let d be (0 - 20)/((-4)/26). Suppose d*v - 134*v + f = 0. List the prime factors of v.
2, 3
Suppose 46*q = -6*q + 2072 + 21068. What are the prime factors of q?
5, 89
Let v be 20/30 - 19/(-3)*1. List the prime factors of ((-124)/(-28))/(1/v).
31
Suppose 20 = -4*h + 8. Let d be (0 + 1)*h + 64. List the prime factors of 3/(-1) + d + 12.
2, 5, 7
Let d(z) = 2